h be c(0). Suppose -2 = -2*i + 2*d, i - d = -h*i + 9. List the prime factors of i.
2
Let p(v) = 2*v**3 + 3*v**2 - 7. What are the prime factors of p(3)?
2, 37
Suppose -7*s + 10*s - 285 = 0. Let d = s - 53. List the prime factors of d.
2, 3, 7
Let c(q) = 26*q**3 + 2*q**2 - 4*q - 1. Let v(r) = 26*r**3 + 3*r**2 - 5*r - 1. Let n(u) = -3*c(u) + 2*v(u). List the prime factors of n(-1).
5
Let m(j) = 8*j + 6. List the prime factors of m(4).
2, 19
Let b = 10 - 22. Suppose 3*l + 12 = 0, 7*s + 4*l = 3*s - 24. What are the prime factors of b/(3/(-1)) + s?
2
Suppose -2*i + 19 - 3 = 0. Let g = 17 - i. List the prime factors of g.
3
Suppose 4*u = 3*u - 7. Let v = u - -14. Suppose 0 = -4*c + v + 33. What are the prime factors of c?
2, 5
Suppose 0 = -2*f - 3*f + 5. What are the prime factors of f*18 - 9/9?
17
Let n = 11 - 7. Suppose -5*y - 5 = -n*z, -3*y + 2*z - 6*z + 29 = 0. Suppose -22 = -2*a - p, 2*a + y*p = -p + 10. List the prime factors of a.
13
Suppose 4*i = 14 + 18. Let s(x) = x - 8. Let d be s(i). List the prime factors of -1*(-10 + (d - -1)).
3
Let p = 636 + -345. What are the prime factors of p?
3, 97
Let k be ((-4)/(-3))/(4/30). Suppose -o + 3 = -k. What are the prime factors of o?
13
Suppose 0 = 4*j - 5 + 1. Let o = j - -5. What are the prime factors of o?
2, 3
Let z = -34 + 65. What are the prime factors of z - -1*3/(-3)?
2, 3, 5
Suppose 5 = 3*u - 1. Suppose 0 = 2*x + u. List the prime factors of x/(-3) + (-287)/(-21).
2, 7
Let v be (-4)/3*(-12)/8. Let h = -2 + v. Suppose c + 0*c + 5*p - 17 = h, 0 = 5*p. List the prime factors of c.
17
What are the prime factors of (3/(4 + -7))/(2/(-382))?
191
Let z(n) = -35*n - 11. Let p(h) = 53*h + 17. Let j(r) = 5*p(r) + 8*z(r). List the prime factors of j(-2).
3
Suppose -s = 2*s. Suppose -3*g + s*g - 97 = -2*q, 0 = -5*g + 15. What are the prime factors of q?
53
Suppose -38 = -2*r - 6. Let g = 30 - r. What are the prime factors of g?
2, 7
Suppose -t + 2*t - 2*y = 122, 5*y = -5*t + 625. What are the prime factors of t?
2, 31
Suppose -78 - 110 = -4*z. Let p = z + -9. Suppose 2*k + 3*i = p, -k + 2*i - 5*i = -16. What are the prime factors of k?
2, 11
Suppose 3*l - g = 112, -3*l - 5*g + 52 = -l. Suppose 4*h = l + 20. List the prime factors of h.
2, 7
Suppose -3*k + 3*v = -45, 2 - 5 = -k - 3*v. Suppose 0 = y + 2 - k. List the prime factors of y.
2, 5
Let k = -25 - -95. List the prime factors of k.
2, 5, 7
Let a = 33 + -15. Suppose -o - 2*u = 2*o - 12, a = 3*o + 4*u. What are the prime factors of (-124)/(-12) + o/(-6)?
2, 5
Let s be (2 + -2 - 3)/(-1). Suppose o + 10 = s*o. List the prime factors of o.
5
Suppose -4*h = -5*h + 3*i + 157, 0 = h + 4*i - 129. What are the prime factors of h?
5, 29
Suppose -3*i + 4 = -i. Suppose i*r + 0*r = 26. List the prime factors of r.
13
Let n(w) = w + 8. What are the prime factors of n(9)?
17
Let k(b) = -b - 2. Let t be k(9). Let w(h) = -h**3 - 11*h**2 - 2*h - 3. List the prime factors of w(t).
19
Let f = 11 + -17. List the prime factors of (4/f)/(10/(-105)).
7
Suppose 0*q = -5*q + 10. Suppose q*t - 25 - 8 = -p, 0 = -2*t + 4*p + 28. What are the prime factors of t?
2
Let t(n) = -n - 10. Let u(s) = -2*s - 1. Let g be u(3). Let f be t(g). Let d = f + 11. List the prime factors of d.
2
Suppose 0 = 4*w - 4, 4*n - w - 17 = 66. Suppose 2*a + n = 5*t - 0*a, -4*a = 12. What are the prime factors of t?
3
Let r(p) = p**2 + 3*p - 5. Let o be -2*(6/4 + 1). What are the prime factors of r(o)?
5
Let q be -4*3*2/(-8). Suppose l + 2*l = 3*w, q*l = 4*w - 5. List the prime factors of w.
5
Suppose -s + 4*y = -14, s - 42 = -4*y + y. List the prime factors of s.
2, 3, 5
Let b(i) = -i**2 + 9*i - 10. Let w be b(7). Suppose w*s = 3*r - 24, s - 41 + 14 = -2*r. What are the prime factors of r?
2, 3
Let v(s) = 47*s**3 + 2*s**2 - 1. Let y be v(1). Let o = -25 + y. What are the prime factors of o?
23
Let c(v) = 4*v**3 - 6*v**3 + v**2 - 3*v**3 - v - 1. List the prime factors of c(-1).
2, 3
Let b be -3*(-3)/9*42. Suppose 5*v - b = 4*o - 0*o, 5*o = -2*v - 36. Let y(u) = -3*u - 4. What are the prime factors of y(o)?
2, 5
List the prime factors of (-44)/110 - (-674)/10.
67
List the prime factors of 158 - 1 - (-5 - -7).
5, 31
Suppose 0 = -c + 4*c + 3*l - 18, 2*l - 11 = -c. Let i(r) = 19*r**2. List the prime factors of i(c).
19
Suppose 56 = 2*v - 0*v. Let i be 288/v + (-4)/14. Let f = i - -1. List the prime factors of f.
11
Let f be 49/(-28) + 2/(-8). What are the prime factors of 5/(f*1/(-10))?
5
Let b(z) = 3*z - 15. Let m be b(6). Suppose -n - 5*f = -0*f - 48, -f - 128 = -m*n. List the prime factors of n.
43
Suppose -3*r - 4*v - 131 = 0, 2*v - 2 - 6 = 0. Let k = 101 + r. Let m = k + -32. What are the prime factors of m?
2, 5
Suppose -2*g + 256 = -12. What are the prime factors of g?
2, 67
Suppose 2*b + 145 = -5*h, 0 = -3*b - b - 20. What are the prime factors of (-4)/(-2) - (h + -2)?
31
Suppose 2*g - 21 = 5*g. Let d(k) = -k**2 - 10*k - 1. What are the prime factors of d(g)?
2, 5
Suppose -5*g = -10*g + 170. What are the prime factors of g?
2, 17
Let k = 1 - -2. Suppose -k*a = -2*a - 4. What are the prime factors of a?
2
Suppose 3*a = -0*a. Let j(r) = 7*r**2 - 1 - 3 + a - 1 + 9*r - r**3. What are the prime factors of j(8)?
3
Suppose 2*i + 1 = 3*y + 2*y, -5*i + 2*y - 34 = 0. Suppose 0 = a - 0*a. Let o = a - i. List the prime factors of o.
2
Let h(j) = 2*j**3 + 14*j**2 - 12*j + 7. Let k(u) = u**3 + u**2 + 1. Let z(p) = -h(p) + 3*k(p). List the prime factors of z(10).
2
What are the prime factors of (-4)/36*-3*27?
3
Let u(g) = g**3 - 9*g**2 + 6. Let b be u(9). Let p(f) = 2*f - 9. List the prime factors of p(b).
3
Suppose 0 = 2*x - j - 4, 0 = 2*x + j - 2 - 2. Suppose x*l - 4*g = -7*g + 17, 0 = -4*l + 2*g + 10. Let a = 5 + l. List the prime factors of a.
3
Let i(a) = a - 6. Let g be i(9). Suppose 47 = 3*m - w, -3*m + g*w + 1 = -4*m. List the prime factors of m.
2, 7
Let z = -1 - -3. Let i be 0/(-2 - (z + -3)). Suppose p - 6 = -i*p. List the prime factors of p.
2, 3
Let j(r) = r**3 - 2*r + 7 + 4*r - 4*r**2 - 7*r. Let c be j(5). What are the prime factors of ((-6)/c)/((-6)/42)?
2, 3
Suppose -h + 42 = -5*c - 5*h, 5*h = -15. Let y = 14 + c. What are the prime factors of y?
2
Let v be 1 - (-2)/2*2. Suppose v*q - q = 16. What are the prime factors of q?
2
Let h(q) = 2*q**3 + q**2 - 5*q + 1. Let s(b) = -b**3 + 2*b - 1. Let r(x) = 3*h(x) + 5*s(x). List the prime factors of r(-3).
13
Let o = -7 - -9. What are the prime factors of o?
2
Let j = -23 - -215. What are the prime factors of j?
2, 3
What are the prime factors of (1 + -4)*-1 - -12?
3, 5
Let p(b) = -5*b + 1. Let s be p(2). Let y = s + 9. List the prime factors of (21 - y) + (0 - 1).
2, 5
Let i = 5 - 0. Suppose i*d = 1 - 21. Let r(b) = -b**2 - 6*b. What are the prime factors of r(d)?
2
Let g = -59 + 92. List the prime factors of g.
3, 11
Let l(h) = -7*h - 5. Suppose b - 1 = -6. What are the prime factors of l(b)?
2, 3, 5
Let u be 0 + (3 - 2 - -2). Suppose 12 - 33 = -u*v. Suppose v = 3*p - 17. What are the prime factors of p?
2
Suppose 7*r + 44 = 3*r - 2*o, 0 = -4*r - 3*o - 42. Let u = 18 + r. What are the prime factors of u?
2, 3
Let o = -13 - -29. Suppose a - 1 = h + 3*h, -3*a - h = -o. List the prime factors of a.
5
Let t be (-4 + 12)/(1/7). Let c = t - 40. Let o = c + -5. What are the prime factors of o?
11
Suppose 4*z = -0*z + 16. Let v(d) = z + 9 + d + 0*d - 2*d. What are the prime factors of v(0)?
13
Suppose 2*m = -5*i + 75, -4*i = -30 + 10. Suppose 4*s + 4*w - 15 - m = 0, 5*w = 0. List the prime factors of s.
2, 5
Let q be 2/(-7) + (-4)/(-14). Suppose q = 4*x - 1 + 9. Let d = 8 + x. What are the prime factors of d?
2, 3
Suppose 0*p + 3*p = 9. Suppose -g - 13 = -p*g + s, 0 = 4*s + 12. List the prime factors of g.
5
Suppose -3*x - 27 - 18 = -4*q, 3*q - 65 = -4*x. What are the prime factors of (-4)/2*-1 + q?
17
Suppose -16 = -2*q + 38. Let a = 6 - 4. Suppose -a = 5*v - q. List the prime factors of v.
5
Let g(l) be the second derivative of l**4/12 - l**3/6 - 3*l**2/2 - 7*l. Suppose -5*f + 10 = n, -n - 4*n = -f + 28. List the prime factors of g(f).
3
Let j = -1 + 1. Suppose 3*c - 4 + 19 = j. Let s = -1 - c. What are the prime factors of s?
2
Let y be ((-2)/(-5))/(4/40). What are the prime factors of (-516)/(-42) + y/(-14)?
2, 3
Let t(x) = -300*x**3 - x**2 - 2*x - 1. Li